 the highest common divisor of 22485166 and 66.
22
Calculate the highest common factor of 32945 and 117865.
55
What is the highest common divisor of 11579870 and 10?
10
What is the highest common divisor of 260 and 915270?
10
What is the greatest common factor of 5605 and 4853340?
295
What is the highest common factor of 186336 and 369864?
72
What is the greatest common divisor of 1330 and 213448242?
266
What is the greatest common divisor of 12010 and 203170?
10
What is the highest common divisor of 1625040 and 4410?
90
What is the greatest common factor of 455598 and 115522?
1298
Calculate the greatest common factor of 18 and 3096333.
9
What is the highest common factor of 51357 and 148665?
2703
Calculate the greatest common divisor of 112520 and 5387768.
776
What is the greatest common divisor of 6548275 and 376?
47
What is the greatest common factor of 22020932 and 4604?
4604
Calculate the greatest common factor of 1 and 217760284.
1
Calculate the highest common factor of 14902789 and 33.
11
What is the greatest common factor of 31635 and 7239?
57
Calculate the greatest common divisor of 505 and 527385539.
101
Calculate the greatest common factor of 86463683 and 5372.
1343
What is the highest common divisor of 70 and 1931970?
10
What is the highest common factor of 40986 and 805464?
1782
Calculate the greatest common divisor of 233 and 1513938470.
233
Calculate the greatest common factor of 3037854 and 11562.
246
What is the greatest common divisor of 2310596 and 9344?
292
Calculate the greatest common factor of 260 and 58493810.
10
Calculate the highest common divisor of 15571 and 698533.
23
What is the greatest common divisor of 516 and 303575786?
86
What is the greatest common divisor of 497750797 and 92?
23
What is the highest common factor of 1120 and 723562?
14
Calculate the highest common factor of 44131590 and 1880.
470
Calculate the highest common factor of 295445626 and 7952.
994
Calculate the highest common divisor of 55176 and 27816.
456
What is the highest common factor of 66562 and 12374?
46
What is the highest common factor of 680 and 12647552?
8
Calculate the highest common factor of 120 and 16328430.
30
What is the greatest common divisor of 2230 and 5376440?
10
Calculate the highest common divisor of 3832 and 488.
8
Calculate the greatest common divisor of 3614 and 14694802.
278
Calculate the greatest common divisor of 1431 and 1493154.
27
What is the greatest common divisor of 79039723 and 749?
749
What is the greatest common factor of 1137 and 102094262?
379
What is the highest common factor of 7821 and 2713161?
33
Calculate the greatest common factor of 168176 and 2125964.
1828
Calculate the greatest common factor of 528 and 2317612.
44
What is the highest common divisor of 30420927 and 230?
23
What is the greatest common divisor of 5331492 and 86574?
282
Calculate the greatest common divisor of 264 and 21896776.
88
What is the highest common factor of 175 and 19432021?
7
What is the highest common factor of 1316253 and 1841781?
2433
What is the greatest common divisor of 244 and 898476?
4
What is the highest common factor of 2515395 and 6385?
5
Calculate the greatest common divisor of 12198 and 4258172.
214
Calculate the highest common factor of 37297 and 15119.
13
What is the highest common divisor of 774772677 and 1302?
651
What is the greatest common factor of 2390510 and 18282?
554
What is the highest common factor of 50180 and 108316?
52
What is the greatest common divisor of 1170873 and 99?
99
What is the highest common factor of 117 and 4169574?
9
Calculate the greatest common factor of 20294119 and 93.
31
Calculate the highest common divisor of 754 and 9148308.
26
What is the highest common factor of 11704836 and 17232?
4308
Calculate the highest common factor of 17049036 and 48.
12
Calculate the greatest common divisor of 387701194 and 38.
38
What is the highest common divisor of 1572512522 and 581?
581
What is the highest common divisor of 3120 and 3358160?
1040
What is the highest common factor of 171300681 and 4619?
149
What is the greatest common divisor of 392370 and 1514909?
451
Calculate the greatest common factor of 12290005 and 52.
13
What is the greatest common divisor of 42800 and 463310?
1070
What is the greatest common divisor of 271474471 and 6107?
6107
Calculate the greatest common divisor of 27805722 and 83694.
6438
Calculate the highest common divisor of 6064 and 3897636.
1516
What is the greatest common factor of 165922 and 85247838?
7214
What is the highest common factor of 462 and 1137696?
42
Calculate the highest common factor of 11629996 and 2.
2
Calculate the greatest common divisor of 276219 and 188.
47
What is the greatest common divisor of 2245547 and 1009857?
4261
What is the highest common divisor of 1196 and 3705364?
52
Calculate the highest common divisor of 173448 and 12258.
54
Calculate the highest common factor of 103884 and 9867.
33
Calculate the highest common divisor of 1280847 and 759.
69
What is the greatest common divisor of 198044824 and 1256?
1256
What is the greatest common factor of 14416 and 341802?
34
What is the highest common divisor of 1409 and 45357119?
1409
Calculate the highest common divisor of 54128999 and 89.
89
What is the highest common divisor of 222984 and 815?
163
What is the greatest common factor of 277677567 and 171?
9
What is the highest common factor of 210629 and 237944?
607
Calculate the greatest common factor of 8720038 and 30.
2
What is the greatest common divisor of 168388 and 327164?
356
What is the highest common divisor of 11852508 and 140200?
2804
What is the greatest common factor of 1000 and 365405750?
250
What is the greatest common factor of 3612 and 17324958?
1806
Calculate the highest common divisor of 17028 and 50886.
198
What is the greatest common factor of 1005690 and 1302?
42
What is the highest common divisor of 2900 and 23603825?
725
Calculate the greatest common divisor of 470 and 150083690.
470
What is the highest common factor of 139 and 158425?
1
What is the highest common divisor of 911880 and 108025?
745
What is the greatest common divisor of 6963 and 10826199?
633
What is the highest common factor of 2368450 and 171801?
707
What is the greatest common factor of 6647920 and 64?
16
What is the greatest common divisor of 37289 and 6223?
49
Calculate the greatest common divisor of 65517753 and 63.
21
Calculate the highest common factor of 1238 and 238827532.
1238
What is the highest common factor of 13140420 and 10503?
1167
What is the highest common factor of 13 and 108761484?
13
What is the highest common divisor of 396 and 66840972?
132
What is the greatest common divisor of 2919084 and 132525?
1767
Calculate the greatest common factor of 600 and 1770675.
75
Calculate the greatest common factor of 146605 and 4022895.
1345
What is the highest common divisor of 87837927 and 979?
89
What is the highest common factor of 164811 and 1203?
1203
What is the highest common factor of 1172131 and 3031?
433
Calculate the highest common factor of 164 and 685239806.
82
What is the greatest common factor of 223306 and 204?
2
What is the highest common factor of 2190006 and 1442?
14
What is the greatest common divisor of 14229171 and 396?
99
Calculate the greatest common factor of 30149 and 23659.
59
Calculate the greatest common factor of 5114 and 176417658.
5114
What is the highest common divisor of 26616 and 140754?
6
What is the greatest common factor of 2727378 and 225796?
5942
What is the highest common factor of 345 and 223710420?
345
What is the highest common factor of 3407950 and 14014?
1274
Calculate the greatest common factor of 258060 and 30140.
220
Calculate the highest common factor of 3049 and 116529731.
3049
What is the greatest common divisor of 50138158 and 6496?
406
What is the highest common divisor of 18 and 429855525?
9
Calculate the greatest common divisor of 930 and 50541470.
310
Calculate the highest common divisor of 225 and 20504925.
225
Calculate the highest common factor of 28928 and 1019034.
226
Calculate the highest common factor of 5452002 and 76194.
918
Calculate the greatest common divisor of 3698 and 817946.
86
Calculate the highest common factor of 15 and 1332085.
5
Calculate the highest commo